5 = z, -d*z + 85 = m. What is the highest common divisor of 9 and z?
9
Let q = -5 - -8. Let i be (-40)/(-7) - 2/(-7). Let k be (4/i)/((-4)/(-6)). What is the greatest common divisor of k and q?
1
Suppose 4*q = -b + 1180, -1439 = -4*q + 3*b - 243. Suppose -4*p + 1000 = q. Calculate the highest common divisor of p and 16.
16
Suppose 4*v - 171 = 5*i, 3*i - 5*v + 136 = 36. Let f(l) = -95*l**2 + l - 1. Let d be f(1). Let g = i - d. What is the highest common factor of g and 12?
12
Suppose -f = -4*f + 18. Let u be f*42/9*3. What is the greatest common divisor of 12 and u?
12
Suppose 0 = -4*l - 0 + 8. Suppose -l*h + 2*o + 216 = -o, h - 3*o - 111 = 0. Let x = 0 - -15. Calculate the greatest common factor of h and x.
15
Suppose 7 = -2*d + 1. Let b = d + 3. Suppose 4*o + b*o = -8, 217 = 5*f + 4*o. What is the greatest common divisor of f and 15?
15
Let b = -7 - -11. Let k be 8*-2*(3 - 4). What is the greatest common divisor of b and k?
4
Suppose -5*g + 51 = 2*i, 3*i + 7 = -g + 25. Suppose 11 = 4*p + 7. Calculate the highest common divisor of g and p.
1
Suppose -u - 4*u = -50. Let x = 16 + u. Calculate the highest common divisor of x and 39.
13
Suppose 3*n = 6*n - 108. Calculate the highest common divisor of n and 54.
18
Suppose -5*j + 59 = -1. Let w be (21/(-2))/(j/(-80)). Calculate the highest common divisor of 14 and w.
14
Let q(v) = 2*v**2 + v - 2. Let j be q(-2). Suppose 0 = 5*o - 10, 3*m - 4*o - 29 = -5*o. Let b = m + -7. What is the highest common factor of j and b?
2
Let f be (5/(5/2))/((-6)/(-63)). Calculate the highest common divisor of 21 and f.
21
Let a(b) = b**3 - 5*b**2 - 35*b + 6. Let h be a(10). Calculate the highest common factor of 12 and h.
12
Let b be (770/40)/(1 + (-22)/24). Let w(u) = -4*u - 2. Let m be w(2). Let g be (-214)/m - 2/5. Calculate the greatest common factor of g and b.
21
Suppose -p + 103 = p - 3*m, 83 = 2*p + m. Let b be (-12)/30 - 44/(-10). Calculate the greatest common divisor of p and b.
4
Suppose 13 - 3 = 2*x. Suppose 0 = x*z - 11 - 14. What is the greatest common divisor of z and 55?
5
Let s(o) = o**2 + 17*o + 77. Let k be s(-9). What is the highest common factor of 3 and k?
1
Let q be (20/(-6))/((-16)/408). Suppose 81 = 5*s + 4*t, 2*s + s = 3*t + 54. What is the highest common divisor of q and s?
17
Let a = 52 + -48. Calculate the greatest common divisor of a and 1.
1
Suppose 5*p - 368 = -2*a, 0 = 3*p + 6*a - 3*a - 228. Calculate the greatest common factor of p and 18.
18
Let j = 11 - 7. Let d = j - 0. Suppose 0 = -9*z + d*z + 45. Calculate the highest common divisor of 1 and z.
1
Let a(h) = h. Let t be a(-10). Let l be (-5)/t - (-19)/2. Calculate the highest common divisor of l and 15.
5
Let t be 16 + 0/(2 + 2). Calculate the highest common factor of 40 and t.
8
Let a be (-136)/(-4) - 4/2. Suppose -a = -5*c + 4*c. Let o = c - 11. What is the highest common divisor of o and 7?
7
Suppose 6*q = 8*q - 120. Let h(t) = -t**3 + 7*t**2 - 4*t + 3. Let s be h(6). What is the highest common factor of s and q?
15
Let u(k) = 3*k**2 - 2*k - 1. Let g be u(-2). Suppose -61 - g = -4*b. What is the highest common divisor of b and 133?
19
Let w be (12/(-8) + 2)*6. Suppose 59 = h - 0*h - w*q, 0 = 5*h + 2*q - 278. What is the highest common factor of h and 8?
8
Let r = 164 - 116. What is the greatest common factor of r and 384?
48
Let c = 2 + -9. Let w(k) = -2*k**2 - 13*k + 1. Let x(i) = i. Let n(f) = -w(f) - 3*x(f). Let z be n(c). What is the greatest common divisor of z and 3?
3
Suppose 2*j = -3*j + 15. Suppose -y = -2*y + j. Suppose 55 = 5*n - 4*g + y*g, 75 = 5*n - 5*g. What is the greatest common divisor of 10 and n?
10
Suppose 6 = u + 4*w - 9, 3*w = -3*u + 9. Suppose -q + 3 = z - 0*q, -4*q = 2*z - 10. Let g be z - (u + 2 - 48). What is the highest common divisor of 120 and g?
24
Let x be (6 - (-9 - 5)) + 0/(-2). What is the highest common factor of x and 8?
4
Let r = 559 + -303. Suppose -h + r = h. Let w be ((-2)/(-4))/(1/h). What is the highest common factor of w and 8?
8
Let c(v) = v**2 + 5*v - 7. Let j be c(-8). Suppose 665 = 5*z - 5*r, 5*z - 4*r = 6*z - 148. Calculate the greatest common divisor of j and z.
17
Suppose -2*z - 190 = -7*z. Suppose -54 - 22 = -4*a. What is the greatest common factor of z and a?
19
Let t = -87 - -114. What is the greatest common factor of 216 and t?
27
Suppose -523 = 3*w + 2*w - 3*q, 2*w + 211 = 3*q. Let i be w/(-6) + (-3)/9. Let a = i + 25. Calculate the greatest common factor of 28 and a.
14
Let v(l) = l**2 + 8*l + 5. Let t be v(-8). Suppose -t*m = -174 - 111. Let j be (-114)/2*3/(-9). Calculate the greatest common divisor of m and j.
19
Let g(j) = j**2 + 2*j + 1. Let d be g(-3). Suppose 0*p = p + 5, d*y = -3*p + 689. Calculate the highest common factor of 22 and y.
22
Suppose -2*n = u + 2*n - 2, -2*u = -5*n - 17. What is the greatest common factor of u and 102?
6
Suppose -22 = -0*a - a. Let i = -5 - -9. Suppose 0 = i*h - 3*h - 55. What is the highest common divisor of a and h?
11
Let n(g) = g**2 - 3*g - 8. Let v be n(6). Suppose -x + v = 2. Calculate the greatest common divisor of 20 and x.
4
Let a be -1 + 2 + 172/(-2). Let g = a - -140. Suppose 3*v - 20 = -v. What is the greatest common divisor of v and g?
5
Let b = 25 + -13. Calculate the greatest common factor of b and 108.
12
Suppose -3*b + 2*p = -62 - 37, 3*p - 165 = -5*b. Let r = b + -78. Let h be 2/1*r/(-2). What is the greatest common factor of 18 and h?
9
Let g be (34 - -1) + -13 + 10. Suppose 3*a - 24 = -3*c, 7*a - g = 4*a - c. Calculate the highest common divisor of a and 84.
12
Suppose 2*k + q - 21 = 0, -4*k + 6*q = 3*q - 27. What is the highest common factor of k and 1?
1
Let a(l) = -l**2 - 22*l - 37. Let k be a(-19). Calculate the highest common factor of 8 and k.
4
Let o(x) = 120*x. Let g be o(3). Suppose g = -10*y + 15*y. What is the highest common factor of y and 9?
9
Let h(f) = -f**2 - f - 16. Let i be h(13). Let m be 2/5 + i/(-55). Let n(x) = 32*x**2 + x - 1. Let r be n(1). Calculate the greatest common factor of m and r.
4
Suppose 2*n - 70 = -3*n. What is the highest common divisor of n and 42?
14
Let a(q) = q**2 + 8*q - 5. Let t be a(-9). Let k be (-137)/(-9) - t/18. Calculate the highest common divisor of 15 and k.
15
Suppose 5*u + 5 = 0, -u + 4*u - 309 = -4*r. Let v = 132 - r. What is the greatest common divisor of v and 6?
6
Let g be 1/(2/46) + -2. Suppose 0*y = -y + g. Let c = y + -15. Calculate the highest common divisor of 30 and c.
6
Let o(g) = -g**2 - 11*g - 3. Let u be o(-9). What is the highest common factor of 3 and u?
3
Suppose 3*f + w - 16 = -0*w, -3*f + 2*w = -4. Let j = -40 + 68. Calculate the highest common divisor of j and f.
4
Let b be 12/(-30) + (-288)/(-20). Calculate the greatest common divisor of b and 70.
14
Suppose -2*m - m - 15 = 0, 5*x = -3*m + 215. Let r = -28 + x. What is the highest common divisor of r and 36?
18
Let b(v) = -4*v + 10. Let k be b(-5). What is the highest common factor of 12 and k?
6
Let b(g) = g**3 + 10*g**2 + 5*g - 24. Let r be b(-9). Calculate the greatest common divisor of r and 24.
12
Suppose -4*i + i + 4*h = -13, 4*h = -2*i + 2. Suppose -56 = -i*a - 2. What is the highest common factor of a and 18?
18
Suppose -5*y + 48 = 3. Calculate the highest common divisor of y and 6.
3
Let p = 26 + 6. Calculate the highest common divisor of 64 and p.
32
Let i be ((-2)/6)/((-2)/132). Let c be 6/21 - 3384/(-14). What is the highest common factor of c and i?
22
Let i = 22 - 20. Suppose 3*n - 72 = i*n. Calculate the highest common divisor of 8 and n.
8
Let w = 33 + -24. What is the highest common factor of 6 and w?
3
Suppose b = -0*b + 4. Let z = 13 - b. What is the greatest common factor of z and 72?
9
Let h be 3648/14 + (-42)/(-98). Calculate the highest common factor of h and 29.
29
Let b = -3 + 51. Suppose 0 = 2*c - 4, -4*f - 3*c + 15 = -15. Calculate the highest common divisor of f and b.
6
Let i = 8 + -4. Let a be (-3)/6 - (-10)/i. Suppose 4*z = -4*f + 16, -2*z - a*f = -4*z + 8. What is the highest common divisor of 16 and z?
4
Let a = -3 + 1. Let o be ((-8)/6)/a*6. Suppose 24 = 2*i + 5*n - 2*n, -2 = i - 2*n. What is the highest common divisor of i and o?
2
Let l be -292*(1/(-1))/4. Suppose 122 = 3*d - l. Calculate the highest common factor of 26 and d.
13
Suppose -3*b + 3 = -2